*g + 2. Let k = 3 - y. List the prime factors of k.
2
Let w(z) = z**2 - 2*z + 1. Let b be w(1). Let c(l) = -2*l. Let d be c(2). List the prime factors of (d + b)*(-6)/4.
2, 3
Let x = 9 - 1. Let z(k) = -k**3 + 7*k**2 + 11*k - 7. Let y be z(x). Suppose -2*q + 3*i = -y, q - 4*i - 36 = -3*q. What are the prime factors of q?
2, 5
List the prime factors of ((-435)/(-9))/((-4)/(-12)).
5, 29
Let f = 40 - 18. List the prime factors of f.
2, 11
Let t = -15 + 11. Let a = t - -11. List the prime factors of a.
7
Let m(c) = 15*c**2 + 3*c. Let f be m(-2). Let l = -3 - 1. List the prime factors of l/(-16) - f/(-8).
7
Let k(l) = -4 + 2*l + 3 + 3*l - 1. What are the prime factors of k(2)?
2
Let k(q) be the second derivative of -q**4/12 + q**3 + 2*q**2 + 2*q. Let p be k(5). List the prime factors of (-1 - 10/(-6))*p.
2, 3
Let p = -4 - -10. Let h = 8 - p. List the prime factors of 2*(h - (1 - 3)).
2
Suppose 4*v - 8 = 16. Let y = 10 - v. Suppose 0 = -5*m - 5*s - 10, -y*s + 0*s = -3*m + 29. List the prime factors of m.
3
Let r = 28 - 22. Suppose 0 = -r*k + 4*k + 20. What are the prime factors of k?
2, 5
Let r be ((-80)/6)/(5/(-15)). Suppose 3*c = -2*c + r. What are the prime factors of c?
2
Let z = -7 - -14. Suppose -h - z = -18. What are the prime factors of h?
11
Let a = -37 - -139. What are the prime factors of a?
2, 3, 17
Suppose r - 19 = -3*s + 3, -5*s = -2*r - 55. Let c(u) = u**2 - 10*u + 7. Let j be c(5). What are the prime factors of 4/j - (-20)/s?
2
Suppose 4*b - 155 = -5*d + 2*b, -2*b + 93 = 3*d. List the prime factors of d.
31
Let b = 3 - 1. Suppose -8 = -2*d - 5*f + f, 0 = b*d + f - 20. What are the prime factors of d?
2, 3
Let w = 0 + 3. Suppose w*t + i = 95, 3*t - 113 + 13 = -2*i. What are the prime factors of t?
2, 3, 5
Suppose q + 0*q - 24 = -5*g, -5*g + 52 = 3*q. List the prime factors of q.
2, 7
Let y(q) = 60*q**2 - 2*q + 2. What are the prime factors of y(1)?
2, 3, 5
Let h be ((-12)/18)/((-6)/27). Suppose -2*x = 2*v + 8, -2 = x + 2. Suppose 5*t + 2*i - 45 = v, 0 = -t - h*i + 10 - 1. List the prime factors of t.
3
Let q be (2/3)/(4/12). What are the prime factors of 5 + (-1 - 2) + q?
2
Let p = 77 + 4. What are the prime factors of p?
3
Suppose -3*x - 66 = -156. List the prime factors of x.
2, 3, 5
Let n = 318 + -175. Let z = -98 + n. List the prime factors of z.
3, 5
Let o be 10/(-4)*8/(-10). Suppose -117 = -3*i - 5*x, -o*x - 94 = -2*i - 0*x. List the prime factors of i.
2, 11
Let d(u) = -1265*u + 138. Let k(v) = 46*v - 5. Let c(y) = -5*d(y) - 138*k(y). Let h = 1 + -2. What are the prime factors of c(h)?
23
Suppose 0*c - 266 = -2*c. List the prime factors of c.
7, 19
Let r = 43 - 31. Let b(c) = 5*c - 7. What are the prime factors of b(r)?
53
List the prime factors of (-6)/21 + (-198)/(-7).
2, 7
Let a = -2 - -5. Suppose 7 - 43 = -a*c. What are the prime factors of c?
2, 3
Suppose 0 = -6*v + 2*v + 16. Suppose 2*k + v = 22. Let m = k - -4. What are the prime factors of m?
13
Suppose -3*k + 0*k + 114 = 5*c, -3*k + 66 = 3*c. What are the prime factors of c?
2, 3
Suppose l + 158 = 3*l. What are the prime factors of l?
79
Let d = 60 + 24. Suppose -5*z - d = -9*z. What are the prime factors of z?
3, 7
Suppose -3*n = -2*j - 8*n + 32, 0 = 4*j - 2*n - 88. Suppose -16 = -4*a - 5*h, -3 - 1 = h. Let l = j - a. What are the prime factors of l?
2, 3
Let z(o) = -o**3 + 4*o**2 + 3*o + 5. Let a be z(5). What are the prime factors of a/10*(-13 + 1)?
2, 3
Let x = 22 + 7. What are the prime factors of x?
29
Let c = 31 - -59. List the prime factors of c.
2, 3, 5
Let s = 10 - 12. List the prime factors of (13 - 0) + -3 + s.
2
Let h = -74 - -129. List the prime factors of h.
5, 11
Suppose 6 = -y - 2*d, 4*d = -2*y - 2*y - 8. List the prime factors of y.
2
Suppose 0 = -v - m + 126, 2*m = v - 0*m - 132. List the prime factors of v.
2
Let y(b) = -8*b + 1. Suppose 0 = -4*p - g - 16 - 0, -2*g = 0. What are the prime factors of y(p)?
3, 11
Suppose q + 13 = 2*q. Suppose -21 - q = -2*r. List the prime factors of r.
17
Suppose 5*n + 2*x - 24 = 0, 5*x = -3*n + n - 3. Suppose -2*l = -0*l - 2. Suppose -k + n = -l. List the prime factors of k.
7
Suppose 2*m - 1 = 3. Suppose m*f - 17 + 1 = 0. Let b = f + -1. What are the prime factors of b?
7
Let x(b) be the first derivative of 4*b**3 - b**2/2 - 4. Let g(s) = s - 3. Let j be g(4). List the prime factors of x(j).
11
Let b be (-3 + (-3)/(-2))*4. List the prime factors of (-105)/b + 9/6.
19
Suppose 0 = -0*l - 5*l + 20, -3*k + l = 4. Suppose k = -2*y + y - 2*j + 20, -4*y + j + 80 = 0. What are the prime factors of y?
2, 5
Let y = -93 - -252. What are the prime factors of y?
3, 53
Let f(n) = -n**2 - 17*n + 3. Let y be f(-11). Suppose 5*b = y + 106. List the prime factors of b.
5, 7
Suppose -2*w + 30 - 2 = 0. Let n = 7 + w. What are the prime factors of n?
3, 7
Suppose 16 - 4 = 2*x. List the prime factors of (-92)/(-6) + (-2)/x.
3, 5
Suppose 4*c = 3*n + 31, 7 + 0 = c - n. Suppose 5 = -5*d - c, -5*a - 4*d = -128. What are the prime factors of a?
2, 7
Let p = -50 + 28. What are the prime factors of p/10*(1 - 6)?
11
Let c(i) = 12*i - 1. Let w(x) be the first derivative of -13*x**2/2 + 2*x - 3. Let k(l) = -5*c(l) - 4*w(l). What are the prime factors of k(-2)?
13
Let a = 122 + -80. Suppose 2*o = -o + a. List the prime factors of o.
2, 7
Let d = 2 + 2. Suppose 2 = 3*t - g, -d*g = -0*t + t + 8. Suppose -7*j + 2*j + 30 = t. What are the prime factors of j?
2, 3
Let t be (-720)/(-21) - 6/21. Let w = t + -22. What are the prime factors of w?
2, 3
What are the prime factors of (3/(-6) - 0)*-178?
89
Let d(v) = -v**2 + v + 15. Suppose -i + 12 = -2*i + 5*z, -12 = -2*i - 2*z. Suppose i*s + 4*n + 0*n = 0, -2*s = -3*n. What are the prime factors of d(s)?
3, 5
Let w(l) = -l**3 - l**2 + 10. Let f be w(0). Suppose 34 = 12*c - f*c. List the prime factors of c.
17
Let w be (0 - (1 - 2))*0. List the prime factors of (1 - w) + (2 - 0).
3
Suppose -4*r - 21 + 1 = 0. What are the prime factors of r*(2 + (-32)/10)?
2, 3
Let v = 11 - 6. What are the prime factors of (3 - v)/((-4)/6)?
3
Let z(r) = -r**2 - 5*r + 7. Let j be z(-6). Let c be (j/2)/((-5)/10). What are the prime factors of c - (-12)/(-3)*-6?
23
Suppose -6*k + k = -5, 5*j + 5*k - 700 = 0. What are the prime factors of j?
139
Let r = -4 + 6. Suppose 27 = 3*u - 3*h, 4*u + 0*h + r*h - 24 = 0. Let f(i) = -i**2 + 9*i - 3. What are the prime factors of f(u)?
11
Suppose w = -0 + 3. Suppose w*j + 16 = h + 1, 2*j + h + 5 = 0. What are the prime factors of 39/3 - (5 + j)?
2, 3
Let q(p) = -4*p - 3 - p**2 + 2 - 1 + 4. List the prime factors of q(-4).
2
Suppose 14*z - 18*z + 420 = 0. List the prime factors of z.
3, 5, 7
Let g(x) = x**3 - 5 + 2*x + 7*x - 9*x**2 - 1. Suppose 0*d - 4*d = -32. What are the prime factors of g(d)?
2
Let s = 10 - 2. Let n = 12 - s. Suppose -d - n*d = -55. List the prime factors of d.
11
Let g(d) = d + 23. Let i be g(-12). Let z = 38 - i. List the prime factors of z.
3
Let b be 38/8 + (-1)/(-4). Suppose -b*o = 5 - 20. Suppose -o*w + 23 = 5*n, -5*w + 2*w + 3 = 0. List the prime factors of n.
2
Let f(n) = -7*n - 3. Let r(g) = g**3 - 3*g**2 + 4*g - 2. Let x be r(3). Suppose -w - 4*w = x. List the prime factors of f(w).
11
Let i = 57 + -30. Suppose y + 2*y - i = 0. List the prime factors of y.
3
Let q(u) = -u**2 + 3*u**2 - 2*u - u**2 + 1. Let n(g) = -g**3 - 8*g**2 - 3*g - 20. Let k be n(-8). List the prime factors of q(k).
3
Suppose 5*k = -2*n - 14, 0 = k + 5*n + 14 - 2. Let i(m) = 12*m**2 + 2*m - 1. What are the prime factors of i(k)?
43
Let g(y) = y**2 + 8*y - 14. List the prime factors of g(-13).
3, 17
Suppose -142 = -2*i - 3*j, i + 3*j + 4 - 81 = 0. Suppose 0 = 5*h - 0*h - i. What are the prime factors of h?
13
Let m(i) = -i**3 + 7*i**2 + 12*i + 19. List the prime factors of m(8).
3, 17
Suppose -268 = -4*p + 3*f, p - 60 = 4*f - 6. Suppose 5*l = -0*l + p. List the prime factors of l.
2, 7
List the prime factors of (13/3)/((-4)/(-24)).
2, 13
Suppose 7*g - 6*g - 282 = 2*s, -4*s - 1124 = -4*g. What are the prime factors of g?
2, 5, 7
What are the prime factors of ((-1)/(-3))/(6/(-18)) - -185?
2, 23
Suppose -35 = -p - 0*p. Let c = p - 18. List the prime factors of c.
17
Suppose -3*z = -84 - 147. List the prime factors of z.
7, 11
Suppose -2*i = -4*i + 5*c - 9, 0 = -i - 2*c + 18. Suppose -3*o - 3*g 